{"id":855,"date":"2021-01-20T00:17:36","date_gmt":"2021-01-20T00:17:36","guid":{"rendered":"https:\/\/iveryan.travel\/about-us\/"},"modified":"2023-03-28T10:59:06","modified_gmt":"2023-03-28T10:59:06","slug":"about-us","status":"publish","type":"page","link":"https:\/\/iveryan.travel\/en\/about-us\/","title":{"rendered":"About us"},"content":{"rendered":"[vc_row columns_right=&#8221;yes&#8221; css=&#8221;.vc_custom_1659088742066{margin-top: 80px !important;margin-bottom: 30px !important;}&#8221;][vc_column][vc_column_text font_size=&#8221;d:18px|tl:16px|tp:16px|pl:14px|pp:14px&#8221; css=&#8221;.vc_custom_1678891726000{margin-bottom: 40px !important;}&#8221;]Combining their professional knowledge with their passion for travel and nature, in 2021 <strong>Francisca Guzm\u00e1n Lobo and \u00c1lvaro Garc\u00eda Mateu decided to create IVERYAN (Unexplored Spain)<\/strong>. Together they want to share with other travelers from all over the world the natural wonders of Spain, its exciting rural environment and its traditions. Through an exclusive and personalized approach, their aim is to show those<strong> travelers \u2013 more like explorers, the way they see it &#8211; the aspects and places unknown and unreachable to the conventional outdoor tourist.<\/strong>[\/vc_column_text][\/vc_column][\/vc_row][vc_row columns_right=&#8221;yes&#8221; css=&#8221;.vc_custom_1659088748178{margin-bottom: 60px !important;}&#8221;][vc_column width=&#8221;1\/2&#8243;][vc_single_image image=&#8221;2261&#8243; alignment=&#8221;center&#8221;][\/vc_column][vc_column width=&#8221;1\/2&#8243;][vc_column_text font_size=&#8221;d:28px|tl:24px|tp:24px|pl:18px|pp:18px&#8221; font_weight=&#8221;400&#8243;]FRANCISCA GUZM\u00c1N LOBO[\/vc_column_text][vc_column_text font_size=&#8221;d:18px|tl:16px|tp:16px|pl:14px|pp:14px&#8221; css=&#8221;.vc_custom_1678891747500{margin-bottom: 40px !important;}&#8221;]Born and raised in Mexico, where she spent her childhood in the countryside and among horses. At a young age she moved to Madrid to pursue a Bachelor&#8217;s Degree in Environmental Sciences, and during those college years she made the most of it to travel around the remote corners of this country.<\/p>\n<p>At the end of her studies, her adventurous spirit led her on travels through China, Africa and the Middle East, where she lived and worked. Being free to choose anywhere in the world to settle, she finally chose to return to Spain, where she raised a family.<\/p>\n<p><strong>Within the IVERYAN Project, Francisca contributes her own vision as a foreign-turned-local traveler, fascinated by that deep, authentic and rural Spain, with its exceptional nature and its wonderful people.<\/strong><\/p>\n<blockquote>\n<p>There are many spectacular places around the world, but the countryside in Spain has something special: the close relationship that exists between nature and the way the landscape is shaped with its uses and traditions, history, agriculture and livestock. Human presence is one more element of the ecosystem. Here, to interpret a landscape is to learn biology and history.<\/p>\n<\/blockquote>\n[\/vc_column_text][\/vc_column][\/vc_row][vc_row][vc_column width=&#8221;1\/2&#8243;][vc_single_image image=&#8221;599&#8243; alignment=&#8221;center&#8221;][\/vc_column][vc_column width=&#8221;1\/2&#8243;][vc_column_text font_size=&#8221;d:28px|tl:24px|tp:24px|pl:18px|pp:18px&#8221; font_weight=&#8221;400&#8243;]\u00c1LVARO GARC\u00cdA MAT\u00c9U[\/vc_column_text][vc_column_text font_size=&#8221;d:18px|tl:16px|tp:16px|pl:14px|pp:14px&#8221; css=&#8221;.vc_custom_1679663713449{margin-bottom: 40px !important;}&#8221;]Forestry Engineer by profession, naturalist and traveler by vocation.<\/p>\n<p>His fascination since childhood for everything related to nature and the rural environment has marked his professional life from the beginning.<\/p>\n<p>Fresh off from college he joined the company TECNIAGRO, focused on land management and forestry work.<\/p>\n<p><strong>A great enthusiast and expert on the natural values of his country, Spain, he has explored its geography from North to South and from East to West, practicing his great passions: horseback riding, mountaineering, birdwatching, fly fishing and hunting. A seasoned traveler, he has also practiced these sports in many other places over the five continents.<\/strong>[\/vc_column_text][\/vc_column][\/vc_row]\n","protected":false},"excerpt":{"rendered":"<p>[vc_row columns_right=&#8221;yes&#8221; css=&#8221;.vc_custom_1659088742066{margin-top: 80px !important;margin-bottom: 30px !important;}&#8221;][vc_column][vc_column_text font_size=&#8221;d:18px|tl:16px|tp:16px|pl:14px|pp:14px&#8221; css=&#8221;.vc_custom_1678891726000{margin-bottom: 40px !important;}&#8221;]Combining their professional knowledge with their passion for travel and nature, in 2021 Francisca Guzm\u00e1n Lobo and \u00c1lvaro Garc\u00eda Mateu decided to create IVERYAN (Unexplored Spain). Together they want to share with other travelers from all over the world the natural wonders of Spain, its&hellip;<\/p>\n","protected":false},"author":1,"featured_media":0,"parent":0,"menu_order":2,"comment_status":"closed","ping_status":"closed","template":"","meta":{"_acf_changed":false,"inline_featured_image":false,"footnotes":""},"class_list":["post-855","page","type-page","status-publish","hentry","entry","no-media"],"acf":[],"yoast_head":"<!-- This site is optimized with the Yoast SEO plugin v26.9 - https:\/\/yoast.com\/product\/yoast-seo-wordpress\/ -->\n<title>About us | IVERYAN<\/title>\n<meta name=\"robots\" content=\"index, follow, max-snippet:-1, max-image-preview:large, max-video-preview:-1\" \/>\n<link rel=\"canonical\" href=\"https:\/\/iveryan.travel\/en\/about-us\/\" \/>\n<meta property=\"og:locale\" content=\"en_US\" \/>\n<meta property=\"og:type\" content=\"article\" \/>\n<meta property=\"og:title\" content=\"About us | IVERYAN\" \/>\n<meta property=\"og:description\" content=\"[vc_row columns_right=&#8221;yes&#8221; css=&#8221;.vc_custom_1659088742066{margin-top: 80px !important;margin-bottom: 30px !important;}&#8221;][vc_column][vc_column_text font_size=&#8221;d:18px|tl:16px|tp:16px|pl:14px|pp:14px&#8221; css=&#8221;.vc_custom_1678891726000{margin-bottom: 40px !important;}&#8221;]Combining their professional knowledge with their passion for travel and nature, in 2021 Francisca Guzm\u00e1n Lobo and \u00c1lvaro Garc\u00eda Mateu decided to create IVERYAN (Unexplored Spain). Together they want to share with other travelers from all over the world the natural wonders of Spain, its&hellip;\" \/>\n<meta property=\"og:url\" content=\"https:\/\/iveryan.travel\/en\/about-us\/\" \/>\n<meta property=\"og:site_name\" content=\"IVERYAN\" \/>\n<meta property=\"article:modified_time\" content=\"2023-03-28T10:59:06+00:00\" \/>\n<meta property=\"og:image\" content=\"https:\/\/iveryan.travel\/wp-content\/uploads\/2023\/03\/rrss.png\" \/>\n\t<meta property=\"og:image:width\" content=\"1200\" \/>\n\t<meta property=\"og:image:height\" content=\"630\" \/>\n\t<meta property=\"og:image:type\" content=\"image\/png\" \/>\n<meta name=\"twitter:card\" content=\"summary_large_image\" \/>\n<meta name=\"twitter:label1\" content=\"Est. reading time\" \/>\n\t<meta name=\"twitter:data1\" content=\"2 minutes\" \/>\n<script type=\"application\/ld+json\" class=\"yoast-schema-graph\">{\"@context\":\"https:\/\/schema.org\",\"@graph\":[{\"@type\":\"WebPage\",\"@id\":\"https:\/\/iveryan.travel\/en\/about-us\/\",\"url\":\"https:\/\/iveryan.travel\/en\/about-us\/\",\"name\":\"About us | IVERYAN\",\"isPartOf\":{\"@id\":\"https:\/\/iveryan.travel\/en\/#website\"},\"datePublished\":\"2021-01-20T00:17:36+00:00\",\"dateModified\":\"2023-03-28T10:59:06+00:00\",\"breadcrumb\":{\"@id\":\"https:\/\/iveryan.travel\/en\/about-us\/#breadcrumb\"},\"inLanguage\":\"en-US\",\"potentialAction\":[{\"@type\":\"ReadAction\",\"target\":[\"https:\/\/iveryan.travel\/en\/about-us\/\"]}]},{\"@type\":\"BreadcrumbList\",\"@id\":\"https:\/\/iveryan.travel\/en\/about-us\/#breadcrumb\",\"itemListElement\":[{\"@type\":\"ListItem\",\"position\":1,\"name\":\"Portada\",\"item\":\"https:\/\/iveryan.travel\/en\/\"},{\"@type\":\"ListItem\",\"position\":2,\"name\":\"About us\"}]},{\"@type\":\"WebSite\",\"@id\":\"https:\/\/iveryan.travel\/en\/#website\",\"url\":\"https:\/\/iveryan.travel\/en\/\",\"name\":\"IVERYAN\",\"description\":\"travel\",\"publisher\":{\"@id\":\"https:\/\/iveryan.travel\/en\/#organization\"},\"potentialAction\":[{\"@type\":\"SearchAction\",\"target\":{\"@type\":\"EntryPoint\",\"urlTemplate\":\"https:\/\/iveryan.travel\/en\/?s={search_term_string}\"},\"query-input\":{\"@type\":\"PropertyValueSpecification\",\"valueRequired\":true,\"valueName\":\"search_term_string\"}}],\"inLanguage\":\"en-US\"},{\"@type\":\"Organization\",\"@id\":\"https:\/\/iveryan.travel\/en\/#organization\",\"name\":\"IVERYAN\",\"url\":\"https:\/\/iveryan.travel\/en\/\",\"logo\":{\"@type\":\"ImageObject\",\"inLanguage\":\"en-US\",\"@id\":\"https:\/\/iveryan.travel\/en\/#\/schema\/logo\/image\/\",\"url\":\"https:\/\/iveryan.travel\/wp-content\/uploads\/2022\/06\/logo-white.png\",\"contentUrl\":\"https:\/\/iveryan.travel\/wp-content\/uploads\/2022\/06\/logo-white.png\",\"width\":360,\"height\":154,\"caption\":\"IVERYAN\"},\"image\":{\"@id\":\"https:\/\/iveryan.travel\/en\/#\/schema\/logo\/image\/\"}}]}<\/script>\n<!-- \/ Yoast SEO plugin. -->","yoast_head_json":{"title":"About us | IVERYAN","robots":{"index":"index","follow":"follow","max-snippet":"max-snippet:-1","max-image-preview":"max-image-preview:large","max-video-preview":"max-video-preview:-1"},"canonical":"https:\/\/iveryan.travel\/en\/about-us\/","og_locale":"en_US","og_type":"article","og_title":"About us | IVERYAN","og_description":"[vc_row columns_right=&#8221;yes&#8221; css=&#8221;.vc_custom_1659088742066{margin-top: 80px !important;margin-bottom: 30px !important;}&#8221;][vc_column][vc_column_text font_size=&#8221;d:18px|tl:16px|tp:16px|pl:14px|pp:14px&#8221; css=&#8221;.vc_custom_1678891726000{margin-bottom: 40px !important;}&#8221;]Combining their professional knowledge with their passion for travel and nature, in 2021 Francisca Guzm\u00e1n Lobo and \u00c1lvaro Garc\u00eda Mateu decided to create IVERYAN (Unexplored Spain). Together they want to share with other travelers from all over the world the natural wonders of Spain, its&hellip;","og_url":"https:\/\/iveryan.travel\/en\/about-us\/","og_site_name":"IVERYAN","article_modified_time":"2023-03-28T10:59:06+00:00","og_image":[{"width":1200,"height":630,"url":"https:\/\/iveryan.travel\/wp-content\/uploads\/2023\/03\/rrss.png","type":"image\/png"}],"twitter_card":"summary_large_image","twitter_misc":{"Est. reading time":"2 minutes"},"schema":{"@context":"https:\/\/schema.org","@graph":[{"@type":"WebPage","@id":"https:\/\/iveryan.travel\/en\/about-us\/","url":"https:\/\/iveryan.travel\/en\/about-us\/","name":"About us | IVERYAN","isPartOf":{"@id":"https:\/\/iveryan.travel\/en\/#website"},"datePublished":"2021-01-20T00:17:36+00:00","dateModified":"2023-03-28T10:59:06+00:00","breadcrumb":{"@id":"https:\/\/iveryan.travel\/en\/about-us\/#breadcrumb"},"inLanguage":"en-US","potentialAction":[{"@type":"ReadAction","target":["https:\/\/iveryan.travel\/en\/about-us\/"]}]},{"@type":"BreadcrumbList","@id":"https:\/\/iveryan.travel\/en\/about-us\/#breadcrumb","itemListElement":[{"@type":"ListItem","position":1,"name":"Portada","item":"https:\/\/iveryan.travel\/en\/"},{"@type":"ListItem","position":2,"name":"About us"}]},{"@type":"WebSite","@id":"https:\/\/iveryan.travel\/en\/#website","url":"https:\/\/iveryan.travel\/en\/","name":"IVERYAN","description":"travel","publisher":{"@id":"https:\/\/iveryan.travel\/en\/#organization"},"potentialAction":[{"@type":"SearchAction","target":{"@type":"EntryPoint","urlTemplate":"https:\/\/iveryan.travel\/en\/?s={search_term_string}"},"query-input":{"@type":"PropertyValueSpecification","valueRequired":true,"valueName":"search_term_string"}}],"inLanguage":"en-US"},{"@type":"Organization","@id":"https:\/\/iveryan.travel\/en\/#organization","name":"IVERYAN","url":"https:\/\/iveryan.travel\/en\/","logo":{"@type":"ImageObject","inLanguage":"en-US","@id":"https:\/\/iveryan.travel\/en\/#\/schema\/logo\/image\/","url":"https:\/\/iveryan.travel\/wp-content\/uploads\/2022\/06\/logo-white.png","contentUrl":"https:\/\/iveryan.travel\/wp-content\/uploads\/2022\/06\/logo-white.png","width":360,"height":154,"caption":"IVERYAN"},"image":{"@id":"https:\/\/iveryan.travel\/en\/#\/schema\/logo\/image\/"}}]}},"_links":{"self":[{"href":"https:\/\/iveryan.travel\/en\/wp-json\/wp\/v2\/pages\/855","targetHints":{"allow":["GET"]}}],"collection":[{"href":"https:\/\/iveryan.travel\/en\/wp-json\/wp\/v2\/pages"}],"about":[{"href":"https:\/\/iveryan.travel\/en\/wp-json\/wp\/v2\/types\/page"}],"author":[{"embeddable":true,"href":"https:\/\/iveryan.travel\/en\/wp-json\/wp\/v2\/users\/1"}],"replies":[{"embeddable":true,"href":"https:\/\/iveryan.travel\/en\/wp-json\/wp\/v2\/comments?post=855"}],"version-history":[{"count":0,"href":"https:\/\/iveryan.travel\/en\/wp-json\/wp\/v2\/pages\/855\/revisions"}],"wp:attachment":[{"href":"https:\/\/iveryan.travel\/en\/wp-json\/wp\/v2\/media?parent=855"}],"curies":[{"name":"wp","href":"https:\/\/api.w.org\/{rel}","templated":true}]}}

[vc_row columns_right=&#8221;yes&#8221; css=&#8221;.vc_custom_1659088742066{margin-top: 80px !important;margin-bottom: 30px !important;}&#8221;][vc_column][vc_column_text font_size=&#8221;d:18px|tl:16px|tp:16px|pl:14px|pp:14px&#8221; css=&#8221;.vc_custom_1678891726000{margin-bottom: 40px !important;}&#8221;]Combining their professional knowledge with their passion for travel and nature, in 2021 <strong>Francisca Guzmán Lobo and Álvaro García Mateu decided to create IVERYAN (Unexplored Spain)</strong>. Together they want to share with other travelers from all over the world the natural wonders of Spain, its exciting rural environment and its traditions. Through an exclusive and personalized approach, their aim is to show those<strong> travelers – more like explorers, the way they see it &#8211; the aspects and places unknown and unreachable to the conventional outdoor tourist.</strong>[/vc_column_text][/vc_column][/vc_row][vc_row columns_right=&#8221;yes&#8221; css=&#8221;.vc_custom_1659088748178{margin-bottom: 60px !important;}&#8221;][vc_column width=&#8221;1/2&#8243;][vc_single_image image=&#8221;2261&#8243; alignment=&#8221;center&#8221;][/vc_column][vc_column width=&#8221;1/2&#8243;][vc_column_text font_size=&#8221;d:28px|tl:24px|tp:24px|pl:18px|pp:18px&#8221; font_weight=&#8221;400&#8243;]FRANCISCA GUZMÁN LOBO[/vc_column_text][vc_column_text font_size=&#8221;d:18px|tl:16px|tp:16px|pl:14px|pp:14px&#8221; css=&#8221;.vc_custom_1678891747500{margin-bottom: 40px !important;}&#8221;]Born and raised in Mexico, where she spent her childhood in the countryside and among horses. At a young age she moved to Madrid to pursue a Bachelor&#8217;s Degree in Environmental Sciences, and during those college years she made the most of it to travel around the remote corners of this country.</p>
<p>At the end of her studies, her adventurous spirit led her on travels through China, Africa and the Middle East, where she lived and worked. Being free to choose anywhere in the world to settle, she finally chose to return to Spain, where she raised a family.</p>
<p><strong>Within the IVERYAN Project, Francisca contributes her own vision as a foreign-turned-local traveler, fascinated by that deep, authentic and rural Spain, with its exceptional nature and its wonderful people.</strong></p>
<blockquote>
<p>There are many spectacular places around the world, but the countryside in Spain has something special: the close relationship that exists between nature and the way the landscape is shaped with its uses and traditions, history, agriculture and livestock. Human presence is one more element of the ecosystem. Here, to interpret a landscape is to learn biology and history.</p>
</blockquote>
[/vc_column_text][/vc_column][/vc_row][vc_row][vc_column width=&#8221;1/2&#8243;][vc_single_image image=&#8221;599&#8243; alignment=&#8221;center&#8221;][/vc_column][vc_column width=&#8221;1/2&#8243;][vc_column_text font_size=&#8221;d:28px|tl:24px|tp:24px|pl:18px|pp:18px&#8221; font_weight=&#8221;400&#8243;]ÁLVARO GARCÍA MATÉU[/vc_column_text][vc_column_text font_size=&#8221;d:18px|tl:16px|tp:16px|pl:14px|pp:14px&#8221; css=&#8221;.vc_custom_1679663713449{margin-bottom: 40px !important;}&#8221;]Forestry Engineer by profession, naturalist and traveler by vocation.</p>
<p>His fascination since childhood for everything related to nature and the rural environment has marked his professional life from the beginning.</p>
<p>Fresh off from college he joined the company TECNIAGRO, focused on land management and forestry work.</p>
<p><strong>A great enthusiast and expert on the natural values of his country, Spain, he has explored its geography from North to South and from East to West, practicing his great passions: horseback riding, mountaineering, birdwatching, fly fishing and hunting. A seasoned traveler, he has also practiced these sports in many other places over the five continents.</strong>[/vc_column_text][/vc_column][/vc_row]

<p>[vc_row columns_right=&#8221;yes&#8221; css=&#8221;.vc_custom_1659088742066{margin-top: 80px !important;margin-bottom: 30px !important;}&#8221;][vc_column][vc_column_text font_size=&#8221;d:18px|tl:16px|tp:16px|pl:14px|pp:14px&#8221; css=&#8221;.vc_custom_1678891726000{margin-bottom: 40px !important;}&#8221;]Combining their professional knowledge with their passion for travel and nature, in 2021 Francisca Guzmán Lobo and Álvaro García Mateu decided to create IVERYAN (Unexplored Spain). Together they want to share with other travelers from all over the world the natural wonders of Spain, its&hellip;</p>

<!-- This site is optimized with the Yoast SEO plugin v26.9 - https://yoast.com/product/yoast-seo-wordpress/ -->
<title>About us | IVERYAN</title>
<meta name="robots" content="index, follow, max-snippet:-1, max-image-preview:large, max-video-preview:-1" />
<link rel="canonical" href="https://iveryan.travel/en/about-us/" />
<meta property="og:locale" content="en_US" />
<meta property="og:type" content="article" />
<meta property="og:title" content="About us | IVERYAN" />
<meta property="og:description" content="[vc_row columns_right=&#8221;yes&#8221; css=&#8221;.vc_custom_1659088742066{margin-top: 80px !important;margin-bottom: 30px !important;}&#8221;][vc_column][vc_column_text font_size=&#8221;d:18px|tl:16px|tp:16px|pl:14px|pp:14px&#8221; css=&#8221;.vc_custom_1678891726000{margin-bottom: 40px !important;}&#8221;]Combining their professional knowledge with their passion for travel and nature, in 2021 Francisca Guzmán Lobo and Álvaro García Mateu decided to create IVERYAN (Unexplored Spain). Together they want to share with other travelers from all over the world the natural wonders of Spain, its&hellip;" />
<meta property="og:url" content="https://iveryan.travel/en/about-us/" />
<meta property="og:site_name" content="IVERYAN" />
<meta property="article:modified_time" content="2023-03-28T10:59:06+00:00" />
<meta property="og:image" content="https://iveryan.travel/wp-content/uploads/2023/03/rrss.png" />
	<meta property="og:image:width" content="1200" />
	<meta property="og:image:height" content="630" />
	<meta property="og:image:type" content="image/png" />
<meta name="twitter:card" content="summary_large_image" />
<meta name="twitter:label1" content="Est. reading time" />
	<meta name="twitter:data1" content="2 minutes" />
<script type="application/ld+json" class="yoast-schema-graph">{"@context":"https://schema.org","@graph":[{"@type":"WebPage","@id":"https://iveryan.travel/en/about-us/","url":"https://iveryan.travel/en/about-us/","name":"About us | IVERYAN","isPartOf":{"@id":"https://iveryan.travel/en/#website"},"datePublished":"2021-01-20T00:17:36+00:00","dateModified":"2023-03-28T10:59:06+00:00","breadcrumb":{"@id":"https://iveryan.travel/en/about-us/#breadcrumb"},"inLanguage":"en-US","potentialAction":[{"@type":"ReadAction","target":["https://iveryan.travel/en/about-us/"]}]},{"@type":"BreadcrumbList","@id":"https://iveryan.travel/en/about-us/#breadcrumb","itemListElement":[{"@type":"ListItem","position":1,"name":"Portada","item":"https://iveryan.travel/en/"},{"@type":"ListItem","position":2,"name":"About us"}]},{"@type":"WebSite","@id":"https://iveryan.travel/en/#website","url":"https://iveryan.travel/en/","name":"IVERYAN","description":"travel","publisher":{"@id":"https://iveryan.travel/en/#organization"},"potentialAction":[{"@type":"SearchAction","target":{"@type":"EntryPoint","urlTemplate":"https://iveryan.travel/en/?s={search_term_string}"},"query-input":{"@type":"PropertyValueSpecification","valueRequired":true,"valueName":"search_term_string"}}],"inLanguage":"en-US"},{"@type":"Organization","@id":"https://iveryan.travel/en/#organization","name":"IVERYAN","url":"https://iveryan.travel/en/","logo":{"@type":"ImageObject","inLanguage":"en-US","@id":"https://iveryan.travel/en/#/schema/logo/image/","url":"https://iveryan.travel/wp-content/uploads/2022/06/logo-white.png","contentUrl":"https://iveryan.travel/wp-content/uploads/2022/06/logo-white.png","width":360,"height":154,"caption":"IVERYAN"},"image":{"@id":"https://iveryan.travel/en/#/schema/logo/image/"}}]}</script>
<!-- / Yoast SEO plugin. -->

[vc_row columns_right=&#8221;yes&#8221; css=&#8221;.vc_custom_1659088742066{margin-top: 80px !important;margin-bottom: 30px !important;}&#8221;][vc_column][vc_column_text font_size=&#8221;d:18px|tl:16px|tp:16px|pl:14px|pp:14px&#8221; css=&#8221;.vc_custom_1678891726000{margin-bottom: 40px !important;}&#8221;]Combining their professional knowledge with their passion for travel and nature, in 2021 Francisca Guzmán Lobo and Álvaro García Mateu decided to create IVERYAN (Unexplored Spain). Together they want to share with other travelers from all over the world the natural wonders of Spain, its&hellip;
